010 (base 2) to base 10.
-373522
What is -101251123 (base 7) in base 4?
-112213120132
-199926 (base 12) to base 3
-211222111010
What is -1171b98 (base 12) in base 6?
-200303512
-a81609 (base 13) to base 12
-13a293a
Convert -10444044 (base 5) to base 12.
-46241
Convert 6777007 (base 8) to base 6.
103153023
Convert -49835 (base 13) to base 16.
-210f5
200b2 (base 12) to base 2
1010001010000110
What is 1051300 (base 8) in base 11?
183961
2521127 (base 10) to base 11
1472184
Convert 6ae4 (base 15) to base 16.
58ba
Convert 112392 (base 12) to base 14.
719a6
Convert -150983 (base 11) to base 2.
-111001011110101100
Convert 1221222011 (base 3) to base 6.
454434
164697 (base 10) to base 15
33bec
What is -3012631 (base 9) in base 7?
-16424023
What is -68b7 (base 14) in base 6?
-220121
Convert 10110001110000000 (base 2) to base 10.
91008
Convert -169a45 (base 11) to base 10.
-262135
Convert 151696 (base 10) to base 12.
73954
What is -5a7c0 (base 16) in base 13?
-cc907
Convert 4004344133 (base 5) to base 15.
a5c02d
22473387 (base 9) to base 14
16412c4
-11120322220 (base 4) to base 5
-330202101
812b4 (base 13) to base 8
703402
-2010211120 (base 3) to base 13
-16263
Convert -41b740 (base 12) to base 11.
-648505
Convert -538d21 (base 15) to base 5.
-2004304311
Convert 211202020112 (base 3) to base 9.
752215
What is 400a20 (base 11) in base 12?
271624
Convert 725014 (base 8) to base 15.
4b245
30122220 (base 4) to base 13
1a1c0
3302220 (base 5) to base 4
31303300
Convert -2123002 (base 4) to base 8.
-23302
What is -2403042020 (base 5) in base 14?
-a39105
-11312331002 (base 4) to base 10
-1535810
Convert -22c7b (base 15) to base 9.
-178008
Convert -4735 (base 16) to base 3.
-221000011
Convert 104120444 (base 5) to base 4.
1233232120
-441311102 (base 5) to base 14
-3769bb
-84631 (base 10) to base 4
-110222113
What is -22041 (base 8) in base 13?
-4296
What is 29830 (base 12) in base 2?
1110001101100100
What is 15321221 (base 6) in base 4?
2003230231
What is 10011111010100001 (base 2) in base 7?
456545
What is 581722 (base 11) in base 7?
10600404
What is -23212342 (base 6) in base 14?
-149566
Convert 100001010100100100000001 (base 2) to base 15.
b7821c
What is 914600 (base 12) in base 3?
11021020010000
Convert -ba60c9 (base 13) to base 5.
-2110230210
What is 24151264 (base 7) in base 2?
1000001100001010100101
Convert -3525560 (base 7) to base 6.
-13302322
What is 882db (base 15) in base 11?
276074
What is 75b26 (base 13) in base 2?
110011111101000011
2a34429 (base 12) to base 7
132334566
Convert 30bad5 (base 16) to base 3.
20000020201220
What is -558a5b (base 12) in base 11?
-8511a0
Convert 150662 (base 7) to base 15.
8985
Convert -110112022010 (base 3) to base 2.
-111100001101011101
What is 2110420 (base 7) in base 5?
31122331
What is 1011101110010000111001 (base 2) in base 10?
3073081
Convert -503252 (base 6) to base 16.
-9ad0
What is -a15115 (base 14) in base 13?
-1181a8a
What is 34349 (base 11) in base 10?
49663
What is 378931 (base 13) in base 8?
5053317
What is -24bb (base 16) in base 9?
-13807
1b5957 (base 15) to base 9
2454531
Convert 317021 (base 9) to base 2.
101110000110011110
Convert 604251 (base 13) to base 15.
2e2c00
What is 10100110101110101 (base 2) in base 6?
1455113
-30243514 (base 6) to base 4
-3102103012
33120233 (base 7) to base 8
12665173
What is 91427 (base 13) in base 2?
111111011101110011
-4237607 (base 8) to base 15
-174dd5
Convert 101111101121 (base 3) to base 2.
110010011100000001
-6531526 (base 9) to base 12
-1210250
Convert -10012012011011 (base 3) to base 7.
-20264023
Convert -14731779 (base 10) to base 4.
-320030220003
What is -14137314 (base 8) in base 12?
-10a0864
What is -1754f (base 16) in base 13?
-34664
Convert -2e75ed (base 15) to base 14.
-428c2d
-115522402 (base 6) to base 10
-2234882
Convert 815458 (base 10) to base 5.
202043313
120746 (base 10) to base 7
1012013
Convert 10582871 (base 9) to base 15.
6b5cb7
What is 82c99 (base 13) in base 3?
102221102001
Convert -2e88aa (base 16) to base 12.
-1030a0a
What is -121145152 (base 6) in base 11?
-1331239
Convert -31010 (base 9) to base 10.
-20421
Convert 1a525 (base 12) to base 14.
101ad
Convert 4355501 (base 7) to base 13.
159677
What is -311762 (base 8) in base 6?
-2114430
Convert -402220 (base 5) to base 14.
-4950
22143114 (base 5) to base 7
1434145
What is -4651424 (base 7) in base 12?
-241b68
What is 11011001201022 (base 3) in base 9?
4131638
-1404d02 (base 14) to base 5
-4440204413
32222112 (base 4) to base 14
17c58
Convert -207847 (base 10) to base 2.
-110010101111100111
Convert -21200211111110 (base 3) to base 14.
-786b4a
-2aa4b6 (base 12) to base 16
-b084a
What is -8528634 (base 10) in base 14?
-11c0162
What is 47453 (base 10) in base 11?
3271a
What is 101301130332 (base 4) in base 11?
26a2420
What is -1642b80 (base 14) in base 6?
-1030001500
What is 25212231 (base 6) in base 13?
224bcc
371944 (base 12) to base 6
31102124
Convert 101100000001011000111 (base 2) to base 7.
15155356
4003033 (base 10) to base 8
17212331
What is -125a44 (base 12) in base 9?
-507107
2220171 (base 8) to base 10
598137
Convert -426360 (base 8) to base 4.
-202303300
-10000110110010 (base 2) to base 16
-21b2
111111000000101 (base 2) to base 13
118b8
-137ba (base 16) to base 5
-10023202
5b93580 (base 12) to base 3
1020121100220020
Convert -21242223 (base 5) to base 9.
-305172
2a3a75 (base 14) to base 13
3c61ab
What is -52245 (base 10) in base 13?
-1aa1b
Convert 58bcb (base 13) to base 8.
475147
Convert -1001301331 (base 4) to base 11.
-174483
12042440 (base 6) to base 12
163420
Convert 9147f (base 16) to base 6.
20430543
What is -320060a (base 12) in base 14?
-1382358
What is -1231063 (base 10) in base 8?
-4544327
What is 1531235 (base 8) in base 7?
3505466
Convert 134527 (base 14) to base 12.
280a5b
2541724 (base 9) to base 15
1c5894
Convert -d857f (base 16) to base 3.
-1200000120010
Convert 2109165 (base 10) to base 13.
58b036
What is b08a8 (base 12) in base 8?
700000
Convert -23b85 (base 16) to base 2.
-100011101110000101
-17585005 (base 9) to base 8
-41615647
Convert 26276 (base 14) to base 5.
11000132
-2b550 (base 13) to base 12
-3b69b
2121143002 (base 5) to base 9
8370176
What is 47cb8 (base 13) in base 8?
401332
15105641 (base 7) to base 15
1d3d58
Convert -b624a (base 14) to base 12.
-19240a
-35105234 (base 7) to base 8
-13572617
What is -1011011101011000011 (base 2) in base 11?
-237126
Convert 5315 (base 10) to base 7.
21332
What is 413a667 (base 11) in base 5?
3332232302
-1144523 (base 7) to base 12
-70392
What is 3d41a8 (base 14) in base 13?
594b30
What is 104434 (base 10) in base 3?
12022020221
-1ada0b (base 14) to base 6
-32322415
1d823 (base 16) to base 3
20010210120
Convert 17a102 (base 11) to base 15.
570eb
8432227 (base 10) to base 9
16771751
Convert -da90 (base 16) to base 3.
-2211202022
1101100011001000 (base 2) to base 7
320540
-16592 (base 12) to base 13
-116c6
1021122022 (base 4) to base 15
5e157
bad6 (base 16) to base 15
e28a
What is 3124015 (base 6) in base 11?
a3675
-4012330 (base 5) to base 7
-353013
Convert -d48754 (base 14) to base 2.
-11011010110001100000110
Convert -62c6a (base 15) to base 2.
-1001100011111010100
Convert 31210202030 (base 4) to base 5.
1402320031
Convert -3e82b (base 15) to base 2.
-110001000100000110
-2a33a04 (base 13) to base 3
-221022212100122
-62831 (base 14) to base 3
-110001220211
What is -7d2b3 (base 16) in base 12?
-208843
10212110001112 (base 3) to base 2
111110101111010001101
Convert -2773482 (base 9) to base 13.
-415016
What is -23112222021 (base 4) in base 16?
-2d6a89
-1340250 (base 9) to base 14
-151c2b
What is -29cc8 (base 14) in base 3?
-12021201221
What is -123332312 (base 4) in base 10?
-114614
419592 (base 10) to base 15
844cc
Convert -200201021212 (base 3) to base 11.
-231830
What is -143351 (base 8) in base 4?
-30123221
-32466631 (base 8) to base 9
-14110648
-213113304 (base 5) to base 6
-31303022
Convert 2224884 (base 9) to base 8.
4443256
What is -31860 (base 13) in base 2?
-10101110011011110
200105 (base 9) to base 4
130312220
What is -48b14 (base 12) in base 11?
-679a6
What is 1e4ff5 (base 16) in base 5?
1002032144
Convert -647aa (base 11) to base 14.
-26441
What is 10334234 (base 6) in base 14?
803dc
94b6e (base 16) to base